t -4911 (base 15) to base 16.
-3cb5
-4034352 (base 7) to base 13
-13a256
Convert 4b83e (base 15) to base 9.
407225
-122021100111210 (base 3) to base 7
-141010356
What is 10212020102121 (base 3) in base 2?
111110100111010000111
What is 24346757 (base 8) in base 10?
5361135
Convert -22011010201 (base 4) to base 9.
-4866377
What is -11000100011010001 (base 2) in base 5?
-11204221
3283674 (base 9) to base 6
101515321
4031066 (base 7) to base 15
96a45
Convert -1000101001001111110100 (base 2) to base 3.
-11021010111122
Convert -17b69d6 (base 14) to base 6.
-1055310024
Convert -5305221 (base 7) to base 8.
-2342756
What is -17d06 (base 16) in base 3?
-11221210200
-254c48 (base 14) to base 10
-1281120
What is 356142 (base 14) in base 11?
103510a
What is 52991 (base 11) in base 9?
126627
What is -101344423 (base 5) in base 15?
-8410d
What is 100021102222 (base 3) in base 15?
39168
Convert -3acee6 (base 16) to base 6.
-214334502
Convert -1fb14f (base 16) to base 15.
-2b0622
What is 40a2832 (base 11) in base 16?
6e6adf
-2a1b0 (base 16) to base 4
-222012300
What is 20022313 (base 4) in base 11?
23161
What is -10122012200 (base 3) in base 15?
-16330
85335a (base 12) to base 2
1000000000101100110110
What is 11aee4 (base 15) in base 16?
ced0a
What is 64401745 (base 8) in base 4?
310200033211
What is -42a5102 (base 11) in base 6?
-430023034
Convert 4315445 (base 6) to base 8.
637025
What is -17308 (base 16) in base 2?
-10111001100001000
Convert -10100000011000011000 (base 2) to base 4.
-2200120120
-145075 (base 10) to base 2
-100011011010110011
What is -1152354 (base 7) in base 13?
-520a4
Convert 1711888 (base 9) to base 16.
e89e2
What is -a941 (base 16) in base 3?
-2012102210
What is -1240256 (base 8) in base 15?
-6bee3
76b6 (base 14) to base 15
6149
-40651156 (base 8) to base 6
-504244022
Convert -10100100100100011001 (base 2) to base 5.
-133032243
What is 211969 (base 12) in base 5?
113142010
Convert -513445 (base 9) to base 8.
-1122346
1aacb (base 13) to base 9
78768
Convert 8083ac (base 13) to base 16.
2d9a19
9240b (base 13) to base 6
5341322
What is -1958a5 (base 11) in base 16?
-4960e
-24311310 (base 7) to base 14
-407277
What is 3001002231 (base 4) in base 7?
6502152
Convert -3c0bc (base 14) to base 11.
-a14a7
Convert -301831 (base 9) to base 13.
-6336a
Convert -52347 (base 8) to base 6.
-244343
1331024 (base 5) to base 14
9bb8
Convert 319448a (base 11) to base 4.
111122131201
Convert -30bad (base 15) to base 9.
-254851
What is -1100110000100111111010 (base 2) in base 15?
-46112a
Convert -1011120201001 (base 3) to base 2.
-10010111110000110110
-210621 (base 8) to base 14
-1b745
What is 3625a (base 12) in base 7?
422431
What is -114022 (base 13) in base 15?
-8114a
164201 (base 10) to base 8
500551
4403 (base 7) to base 15
6eb
-101110000000001111110011 (base 2) to base 15
-10d335a
-11b354 (base 12) to base 3
-112200112101
314216 (base 8) to base 5
11321330
Convert 12111031 (base 5) to base 14.
2d3c6
Convert -1c01b (base 13) to base 11.
-38314
Convert -890281 (base 13) to base 5.
-1311242321
-101101000010011111 (base 2) to base 3
-100101001120
Convert -1154251 (base 8) to base 12.
-133975
95639 (base 11) to base 10
139192
Convert -42231131 (base 5) to base 16.
-55f29
What is -250631 (base 7) in base 10?
-45935
Convert -110010010101101101 (base 2) to base 3.
-101110211122
What is -502461 (base 10) in base 8?
-1725275
-22ca168 (base 13) to base 2
-101001000011001111001001
Convert d513cc (base 15) to base 3.
201001121201010
Convert 34530046 (base 7) to base 6.
144555201
340118 (base 10) to base 13
bba6c
81a38 (base 11) to base 13
42646
11110201101 (base 3) to base 10
88003
-30001012 (base 4) to base 11
-33a88
-626568 (base 9) to base 16
-5ae21
Convert 96724 (base 10) to base 6.
2023444
1101111011000111001 (base 2) to base 10
456249
What is -2121001211020 (base 3) in base 14?
-27c85d
-15366b (base 12) to base 15
-713e8
Convert -12022123112 (base 4) to base 5.
-403144244
What is 215175 (base 11) in base 4?
1103320301
Convert -338163 (base 10) to base 6.
-11125323
-430368 (base 9) to base 4
-332202320
What is 10b285 (base 15) in base 13?
21ba56
What is 5386019 (base 11) in base 16?
9070ec
Convert 2723364 (base 9) to base 6.
51550351
Convert 50442415 (base 6) to base 13.
3b3b43
-1432042 (base 6) to base 15
-194db
What is 24333 (base 5) in base 3?
2112021
Convert -326503 (base 8) to base 14.
-2c095
Convert -191539 (base 11) to base 2.
-1000111111110001110
Convert -17a0c (base 16) to base 12.
-48010
What is 110200201210 (base 3) in base 2?
111100111111111100
Convert -16bfc (base 16) to base 5.
-10440210
1045306 (base 8) to base 13
9b055
What is 3261355 (base 9) in base 8?
6537351
4776361 (base 10) to base 5
2210320421
Convert -b2341 (base 12) to base 5.
-24411113
-1847386 (base 10) to base 11
-1051a72
-1110000100111001011 (base 2) to base 8
-1604713
42513052 (base 6) to base 11
7870a0
Convert -3ac9c (base 15) to base 14.
-4c984
Convert 651d2 (base 14) to base 8.
735564
-2976353 (base 10) to base 3
-12121012210022
Convert -158852 (base 11) to base 5.
-30332204
Convert 433270 (base 12) to base 4.
10003202310
What is -4463 (base 16) in base 12?
-a16b
What is -6161310 (base 8) in base 9?
-3055173
What is -453225 (base 6) in base 16?
-95b1
What is 92c00 (base 14) in base 8?
1262460
What is 232221311 (base 4) in base 2?
101110101001110101
-2216300 (base 7) to base 10
-273518
1856417 (base 9) to base 10
1041352
-169eb (base 16) to base 15
-1c6bb
41503202 (base 6) to base 16
1266f2
Convert -11000111001100110111 (base 2) to base 5.
-202102202
What is -4632156 (base 7) in base 4?
-2031131121
-12a44 (base 15) to base 7
-336010
1210001020 (base 4) to base 3
202210222001
What is -110011000001001010100 (base 2) in base 9?
-3127205
What is -2022202012100 (base 3) in base 14?
-242154
What is -a592 (base 12) in base 5?
-1034420
1209057 (base 11) to base 8
10020550
-27ecb (base 16) to base 9
-268281
a276a (base 14) to base 2
1011111011111001010
-3781896 (base 10) to base 8
-16332410
-1110202202 (base 3) to base 14
-a7cb
What is -27366616 (base 8) in base 10?
-6155662
What is -40325223 (base 6) in base 7?
-12514350
Convert -62357 (base 16) to base 12.
-17495b
1212021220120 (base 3) to base 6
33114540
What is 231334 (base 13) in base 6?
25451144
-200300020201 (base 4) to base 14
-11d6cc9
-204a3b (base 12) to base 14
-d25d5
What is -11873420 (base 9) in base 4?
-112100213322
What is 121430135 (base 6) in base 2?
1000110110101100101011
What is -111630 (base 9) in base 2?
-10000010100100100
Convert -1034548 (base 10) to base 7.
-11536114
Convert 89347 (base 12) to base 3.
100020120001
What is -31666 (base 14) in base 10?
-119258
Convert 10222321211 (base 4) to base 10.
1224293
Convert -125458 (base 10) to base 16.
-1ea12
What is 333323220 (base 5) in base 11?
910078
Convert -441857 (base 12) to base 4.
-10013332003
200020020122 (base 3) to base 7
3023126
Convert -48dc7 (base 14) to base 6.
-3453351
183667 (base 11) to base 10
282971
What is 1010110111100111101010 (base 2) in base 8?
12674752
Convert -11436246 (base 7) to base 11.
-635775
Convert 350521544 (base 6) to base 7.
106040236
Convert 124004421 (base 5) to base 8.
2247302
Convert 51e634 (base 16) to base 13.
115c05c
What is -2a3624 (base 11) in base 13?
-137545
142344122 (base 5) to base 10
746787
1166442 (base 7) to base 11
a3616
Convert 34875 (base 14) to base 8.
371627
Convert 7861b (base 13) to base 5.
23443131
What is 255110 (base 14) in base 5?
312003113
What is -5216386 (base 9) in base 13?
-767469
What is -494b0 (base 15) in base 9?
-385813
What is -a8a510 (base 11) in base 13?
-48c916
2357901 (base 12) to base 7
112046452
Convert 421124 (base 9) to base 3.
110201010211
Convert -1244491 (base 11) to base 13.
-5a7405
Convert -314b9b (base 14) to base 15.
-22d5a7
Convert 23463 (base 16) to base 7.
1141143
Convert 14017572 (base 8) to base 4.
30001331322
What is 31163a9 (base 12) in base 15?
c274b9
Convert -12226781 (base 9) to base 5.
-3012411320
1323012230 (base 4) to base 8
1730654
What is 130243141 (base 6) in base 11?
1485aa1
Convert 4136289 (base 10) to base 8.
17616541
-1467a (base 11) to base 12
-10036
What is -196143 (base 10) in base 7?
-1444563
Convert -245244 (base 11) to base 9.
-650628
What is 232440244 (